What is the ten thousands digit of 1557844?
5
What is the hundreds digit of 412177?
1
What is the hundred thousands digit of 4177559?
1
What is the millions digit of 19670387?
9
What is the hundred thousands digit of 808692?
8
What is the hundreds digit of 4065131?
1
What is the tens digit of 4785575?
7
What is the hundred thousands digit of 744539?
7
What is the ten thousands digit of 4210017?
1
What is the units digit of 3316630?
0
What is the tens digit of 24607?
0
What is the millions digit of 1807652?
1
What is the ten millions digit of 13226779?
1
What is the hundred thousands digit of 10298726?
2
What is the units digit of 123945?
5
What is the millions digit of 4772734?
4
What is the ten thousands digit of 10830698?
3
What is the thousands digit of 2199151?
9
What is the ten thousands digit of 180175?
8
What is the tens digit of 10460853?
5
What is the thousands digit of 42103?
2
What is the ten thousands digit of 4406271?
0
What is the ten thousands digit of 590669?
9
What is the hundred thousands digit of 2132925?
1
What is the thousands digit of 345012?
5
What is the hundreds digit of 7792375?
3
What is the units digit of 4993559?
9
What is the millions digit of 2077647?
2
What is the tens digit of 4646706?
0
What is the units digit of 1535599?
9
What is the units digit of 3022187?
7
What is the ten thousands digit of 9140131?
4
What is the thousands digit of 457887?
7
What is the tens digit of 917010?
1
What is the units digit of 365442?
2
What is the ten thousands digit of 1175512?
7
What is the ten thousands digit of 6566801?
6
What is the thousands digit of 2341160?
1
What is the units digit of 2280396?
6
What is the ten thousands digit of 1516936?
1
What is the millions digit of 4303853?
4
What is the millions digit of 1623678?
1
What is the hundred thousands digit of 2756042?
7
What is the ten thousands digit of 3697587?
9
What is the ten thousands digit of 1872328?
7
What is the units digit of 2712393?
3
What is the ten thousands digit of 445259?
4
What is the thousands digit of 4606830?
6
What is the hundreds digit of 1426870?
8
What is the thousands digit of 37651873?
1
What is the hundreds digit of 15972077?
0
What is the hundred thousands digit of 2902235?
9
What is the hundred thousands digit of 16059742?
0
What is the thousands digit of 45517?
5
What is the thousands digit of 3530392?
0
What is the hundreds digit of 2196637?
6
What is the hundreds digit of 304691?
6
What is the tens digit of 240457?
5
What is the tens digit of 9345376?
7
What is the hundreds digit of 23303477?
4
What is the hundreds digit of 2385299?
2
What is the ten thousands digit of 23762737?
6
What is the thousands digit of 21529775?
9
What is the tens digit of 1984657?
5
What is the tens digit of 1659?
5
What is the hundred thousands digit of 722038?
7
What is the hundred thousands digit of 6319464?
3
What is the ten millions digit of 10961143?
1
What is the tens digit of 199525?
2
What is the tens digit of 340381?
8
What is the units digit of 6295?
5
What is the thousands digit of 137520?
7
What is the units digit of 1118302?
2
What is the hundred thousands digit of 1400869?
4
What is the ten thousands digit of 422348?
2
What is the hundreds digit of 185251?
2
What is the thousands digit of 736123?
6
What is the ten thousands digit of 156445?
5
What is the ten thousands digit of 2557407?
5
What is the thousands digit of 346698?
6
What is the thousands digit of 3107846?
7
What is the ten thousands digit of 1101569?
0
What is the tens digit of 278818?
1
What is the tens digit of 3778157?
5
What is the hundred thousands digit of 1628237?
6
What is the hundred thousands digit of 642822?
6
What is the units digit of 2572511?
1
What is the thousands digit of 8091842?
1
What is the tens digit of 395706?
0
What is the tens digit of 15077354?
5
What is the hundred thousands digit of 5821868?
8
What is the units digit of 602068?
8
What is the hundred thousands digit of 1055836?
0
What is the ten thousands digit of 10498227?
9
What is the ten millions digit of 23076133?
2
What is the millions digit of 15156144?
5
What is the tens digit of 1043138?
3
What is the thousands digit of 1100249?
0
What is the tens digit of 132945?
4
What is the thousands digit of 140980?
0
What is the thousands digit of 3547566?
7
What is the units digit of 791051?
1
What is the units digit of 197906?
6
What is the hundreds digit of 487590?
5
What is the ten thousands digit of 1578716?
7
What is the ten thousands digit of 190523?
9
What is the tens digit of 12339069?
6
What is the ten millions digit of 13168209?
1
What is the hundred thousands digit of 8707290?
7
What is the thousands digit of 895440?
5
What is the tens digit of 8504252?
5
What is the thousands digit of 686842?
6
What is the ten thousands digit of 408748?
0
What is the hundreds digit of 4192761?
7
What is the hundreds digit of 2598652?
6
What is the hundreds digit of 1973927?
9
What is the tens digit of 26453?
5
What is the hundred thousands digit of 12221964?
2
What is the units digit of 296751?
1
What is the ten millions digit of 31238792?
3
What is the hundred thousands digit of 219739?
2
What is the tens digit of 18785595?
9
What is the hundreds digit of 3628?
6
What is the millions digit of 1136911?
1
What is the hundreds digit of 2065517?
5
What is the hundreds digit of 286162?
1
What is the units digit of 6666939?
9
What is the hundreds digit of 7502796?
7
What is the millions digit of 6625567?
6
What is the ten thousands digit of 19662442?
6
What is the thousands digit of 1055580?
5
What is the thousands digit of 7778232?
8
What is the millions digit of 1330739?
1
What is the tens digit of 56390?
9
What is the units digit of 34983039?
9
What is the tens digit of 30470?
7
What is the hundreds digit of 19371914?
9
What is the ten thousands digit of 549769?
4
What is the hundreds digit of 3680598?
5
What is the hundred thousands digit of 7145393?
1
What is the units digit of 750420?
0
What is the thousands digit of 548005?
8
What is the ten thousands digit of 6350176?
5
What is the ten thousands digit of 443317?
4
What is the millions digit of 23500815?
3
What is the ten thousands digit of 553033?
5
What is the tens digit of 7481784?
8
What is the units digit of 283671?
1
What is the units digit of 25424966?
6
What is the tens digit of 11324779?
7
What is the millions digit of 9044294?
9
What is the thousands digit of 5125168?
5
What is the units digit of 946462?
2
What is the hundreds digit of 351674?
6
What is the tens digit of 4777917?
1
What is the hundreds digit of 1050240?
2
What is the thousands digit of 718445?
8
What is the thousands digit of 2345650?
5
What is the hundred thousands digit of 153861?
1
What is the units digit of 147330?
0
What is the units digit of 25619?
9
What is the hundred thousands digit of 670903?
6
What is the units digit of 12590271?
1
What is the units digit of 401853?
3
What is the millions digit of 18679319?
8
What is the tens digit of 352302?
0
What is the units digit of 582130?
0
What is the units digit of 4534582?
2
What is the units digit of 288547?
7
What is the ten thousands digit of 1253786?
5
What is the units digit of 2280877?
7
What is the tens digit of 2660776?
7
What is the thousands digit of 1446154?
6
What is the tens digit of 66132?
3
What is the ten thousands digit of 35767?
3
What is the tens digit of 438725?
2
What is the tens digit of 159475?
7
What is the hundred thousands digit of 652337?
6
What is the tens digit of 1630697?
9
What is the units digit of 1526636?
6
What is the hundreds digit of 38931728?
7
What is the ten thousands digit of 279630?
7
What is the tens digit of 232421?
2
What is the units digit of 107983?
3
What is the hundreds digit of 89239?
2
What is the hundreds digit of 5527732?
7
What is the ten thousands digit of 2012681?
1
What is the ten millions digit of 20752422?
2
What is the thousands digit of 240653?
0
What is the ten thousands digit of 1974783?
7
What is the tens digit of 3749285?
8
What is the units digit of 15890983?
3
What is the ten millions digit of 24269932?
2
What is the ten thousands digit of 1857432?
5
What is the thousands digit of 689474?
9
What is the units digit of 737411?
1
What is the hundreds digit of 18